lculate the remainder when q(b) is divided by 5.
3
Let j(i) = -7*i**3 + 2*i**2 - 1. Let y be j(-1). Suppose -y*w + 87 + 65 = 0. What is the remainder when 93 is divided by w?
17
Suppose -2*p + 3*d + 1 = 24, 0 = p + d - 1. Calculate the remainder when (4 + p)/4 + 9 is divided by 5.
4
Suppose -11*b + 420 = -6*b. Calculate the remainder when 175 is divided by b.
7
Let g = -724 + 741. What is the remainder when 84 is divided by g?
16
Let c be (2/(-4))/((-3)/132). Let p = -17 + c. Suppose 2*g + 39 = p*r - 11, -2*r - g + 11 = 0. What is the remainder when r is divided by 3?
2
Let h(y) = 4*y**2 - 5*y + 2. Let n be (-5 - 1) + (3 - 0). What is the remainder when h(n) is divided by 14?
11
Let y = -79 + 90. Suppose 4*k - 15 = k. Suppose -k*t = h - 153, -3*t = -2*t + 3*h - 25. What is the remainder when t is divided by y?
9
Suppose -m - 1 + 5 = 0. Suppose m*l = -0*l + 236. What is the remainder when l is divided by 21?
17
Suppose 4*d - 44 - 791 = s, 4*d - 4*s = 832. What is the remainder when d is divided by 49?
13
Let o(g) = -g**2 - 5*g - 3. Let h be o(-2). Suppose -h*u = -k - 311, -208 = -2*u + k - 0*k. Calculate the remainder when u is divided by 13.
12
Let i(d) be the third derivative of -d**4/12 + 2*d**3 + 3*d**2. Calculate the remainder when 5 is divided by i(5).
1
Let k = 1080 + -962. Calculate the remainder when k is divided by 15.
13
Suppose 10 = -b + 3*i, 2*i - 8 = 2*b - i. Suppose 3*t + 4*p = b*t + 20, -5*t = 4*p - 84. Calculate the remainder when 47 is divided by t.
15
Let s be 1 + (-129)/(-7) + (-6)/14. What is the remainder when 74 is divided by s/((-2 + -2)/(-8)*2)?
17
Suppose 3*z - 3*w = 5*z - 153, 0 = -2*z - 4*w + 152. Let d = 97 - 56. What is the remainder when z is divided by d?
37
Suppose 0 = -3*p - 2*p. Suppose -3*a + 7 = -5*j - 46, a - 5*j - 11 = p. What is the remainder when (-33)/22*82/(-3) is divided by a?
20
Let a = 421 + -291. What is the remainder when a is divided by 66?
64
Let b(s) = 2*s**3 - 10*s**2 + 17. Suppose -4*h = -5*g - 23, 3*h + 2*h + 5*g - 40 = 0. Calculate the remainder when b(h) is divided by 43.
41
Suppose 0*k = -2*k - 4*j + 76, 0 = -k + 5*j + 24. Suppose -7*y + 61 = -65. Calculate the remainder when k is divided by y.
16
Let k be -1*(-3 - 8/(-2))*-178. Calculate the remainder when (k*(-2)/(-6))/((-30)/(-45)) is divided by 10.
9
Suppose 7*s = 3*s - 2*p + 414, 0 = 5*p + 25. Calculate the remainder when s is divided by 56.
50
Suppose -4*h = 51 - 159. Calculate the remainder when 130 is divided by h.
22
Let i be 2/(-13) + (-54)/(-13). Suppose 0 = i*b - 6*b + 16. Suppose 0*y + 5*y = 3*s - 38, -2*y - b = 0. Calculate the remainder when 11 is divided by s.
5
Calculate the remainder when 64 is divided by 20/(-8)*(-264)/20 + 0.
31
Suppose -36 = -2*s - s. Suppose 5*c + 42 - 212 = 0. Calculate the remainder when c is divided by s.
10
What is the remainder when 1*((-7 - -49) + 5) is divided by 27?
20
Suppose 0 = -8*r + 12*r. Suppose 2*d + 15 = c, c + 4*d + 3 - 24 = r. Let o = c + -9. Calculate the remainder when 14 is divided by o.
6
Let l(t) = -7*t - 19. What is the remainder when 198 is divided by l(-15)?
26
Let d(r) = -36*r + 4. What is the remainder when 78 is divided by d(-1)?
38
Suppose 11 = l + m, -5*m + 20 = l - 7. What is the remainder when 1061 is divided by l?
4
Suppose -348 = 17*v - 29*v. Calculate the remainder when 59 is divided by v.
1
Let q(t) = -t**2 + 11*t + 4. Let f be q(8). Let k = f + -20. Calculate the remainder when 31 is divided by k.
7
Suppose 3*w = 4*o + 138 + 252, -2*o - 390 = -3*w. What is the remainder when w is divided by 41?
7
Calculate the remainder when 239 is divided by (-1 - 9)/((7/(-6))/7).
59
Suppose -6*u = -0*u - 294. Suppose c + u = 72. Let t(o) = -o + 12. What is the remainder when c is divided by t(0)?
11
Let r = 734 - 717. What is the remainder when 165 is divided by r?
12
Let a = -27 + 32. Suppose a*s + 3*n - 503 = 0, 3*s - 4*n = -s + 428. What is the remainder when s is divided by 35?
33
Suppose -4*p = 3*h + p - 10, 4*h - p = -2. Suppose 36 = -h*u + 4*u. What is the remainder when u is divided by 4/(8/18*9/6)?
3
Suppose -4*d + 83 = -97. Let m = 62 - d. Calculate the remainder when m is divided by 7.
3
Let j = 73 + -166. Let v = 179 + j. Calculate the remainder when v is divided by 22.
20
Let t(p) = -p**3 + 2*p**2 + 3*p + 1. Let m = 44 - 50. Calculate the remainder when t(-2) is divided by (-4)/((-8)/2) - (0 + m).
4
Let h(q) = q**2 - 21*q - 9. Let p be h(7). Let x = p - -154. What is the remainder when x is divided by 16?
15
Let b = -5 - -32. Let p = -21 - -2. Let a(j) = -j**2 - 19*j + 14. Calculate the remainder when b is divided by a(p).
13
Let k(b) = 5*b + 245. Calculate the remainder when 67 is divided by k(-36).
2
Calculate the remainder when 291 is divided by 4/16*-10 - 1755/(-78).
11
Let b = 743 + -741. Let l(p) = p**2 - 4*p + 4. Calculate the remainder when l(5) is divided by b.
1
Calculate the remainder when 11 is divided by (4064/(-762))/(2*(-1)/3).
3
Let o = -67 - -42. Let z = -22 - o. Let a(w) = w**3 - 2*w**2 + 2*w - 1. Calculate the remainder when z is divided by a(2).
0
Let z(s) = 8*s**2 - 39*s + 4. What is the remainder when z(6) is divided by 17?
7
Suppose 2*m = w - 17, -2*w - 3*m = 2*w - 68. Let h = -53 + 89. Let r = -30 + h. What is the remainder when w is divided by r?
5
Suppose j - 10 - 3 = 0. Calculate the remainder when (-14)/(-5)*(-1620)/(-72) is divided by j.
11
Suppose 2*l - g = 3*g + 6, 3*l = 2*g - 3. Let p = l - -12. What is the remainder when 166/5 + 1 + (-180)/(-225) is divided by p?
8
Calculate the remainder when 78 is divided by 5/((-15)/(-141)) + -6 + 1.
36
Suppose 166*u = 180*u - 2058. Calculate the remainder when u is divided by 40.
27
Let l be 4/26 - 1460/26. Let b = -39 - l. Calculate the remainder when 32 is divided by b.
15
Let o = -27 + 56. Suppose 137 = -p + 38. Let q = 212 + p. Calculate the remainder when q is divided by o.
26
Suppose 1351*q = 1341*q + 1020. What is the remainder when q is divided by 5?
2
Suppose 2*p + 4*c - 1834 = 0, 0 = 11*p - 10*p + c - 922. What is the remainder when p is divided by 62?
59
Suppose 0 = -3*y + 1363 - 1342. Calculate the remainder when 452 is divided by y.
4
Let a(t) = -t + 10. Suppose 4*j + z - 14 = 3, 0 = -j + 3*z + 1. Let b be a(j). Calculate the remainder when ((-2)/b)/(4/(-744)) is divided by 16.
14
Suppose 0 = k - 3*k + 14. Let x = -28 + 13. What is the remainder when (x/10)/(1/(-12)) is divided by k?
4
Suppose m = s + 133, 0 = 6*m - 9*m - s + 399. What is the remainder when m is divided by 28?
21
Suppose 4*g = -5*u + 61, 6*u = 3*u - 4*g + 35. Let i = -139 - -147. Calculate the remainder when u is divided by i.
5
What is the remainder when 128 is divided by (-5)/10 - ((-2915)/10)/11?
24
Let z(p) = -p**2 + 39*p - 119. What is the remainder when z(15) is divided by 37?
19
Suppose 5*v + 121 = 3*p, -5*p + 0*v + 191 = -3*v. Let x = -6 + p. Suppose 3*z = -r + 6, 4*r + 4*z + 7 - x = 0. Calculate the remainder when 10 is divided by r.
4
Let s(m) = 8*m - 2. Let c(l) be the first derivative of l**3/3 - l**2/2 - 4*l + 11. Calculate the remainder when s(2) is divided by c(4).
6
Suppose -3*g = -g - 116. What is the remainder when 1679 is divided by g?
55
Let g = 14 + -9. Let r = -290 - -144. Calculate the remainder when (-3)/12 + r/(-8) is divided by g.
3
Suppose 95 = -8*y + 199. Calculate the remainder when y is divided by 8.
5
Suppose -3*n + 219 = -159. What is the remainder when n is divided by 46?
34
Let o(l) = -4*l**3 - 5*l**2 - l + 7. Let q be o(-3). Suppose -4*b - 1 = -q. What is the remainder when b is divided by 5?
3
Let f = -523 + 538. Calculate the remainder when 57 is divided by f.
12
Suppose 5*m = -4*q + 5*q - 55, 0 = 5*q + 2*m - 221. Let v(f) = f**3 - f - 6. Let a be v(0). Let r = a + 18. Calculate the remainder when q is divided by r.
9
What is the remainder when 128 is divided by ((-1183)/(-14))/13*2?
11
Let h(d) = -4*d + 6*d - 3*d**3 - 2 + 2*d**3 + 3 + d**2. Calculate the remainder when 15 is divided by h(-2).
6
Let b(o) = 4*o**3 - o - 1. Let m be b(-2). Let u = 57 + m. What is the remainder when u is divided by 15?
11
Let i(g) = -2*g - 12. Let j(z) = 5*z + 36. Let t(r) = -17*i(r) - 6*j(r). Let o = -82 + 116. What is the remainder when o is divided by t(6)?
10
Let d(l) = l**3 + 6*l**2 - 3*l 